t w(q) = -1584*q + 4566. Let x be w(-10). What is the highest common factor of 114 and x?
114
Let n(l) = -3*l + 6*l + 39*l**2 - 11*l**2 + 4 + l. Let j be n(-2). Suppose 858 - j = 6*x. What is the greatest common factor of 50 and x?
25
Suppose -3295 - 15875 = 49*g - 191*g. Let i = -246 + 561. What is the highest common factor of g and i?
45
Suppose -2*y + 7 = o, 4*o + 10 = -5*y + 29. What is the greatest common divisor of o and 109?
1
Suppose 57*u = -15*u + 8134 + 115850. Calculate the greatest common factor of u and 138.
6
Let m(r) = 3932*r - 5943. Let k be m(16). Calculate the highest common factor of 11 and k.
11
Let l(u) = 8*u**2 - 13*u**2 - 45*u + 6 + 12*u**2. Let z be l(10). What is the highest common factor of z and 32?
32
Let t(b) = -b + 24. Let g be 23/2 + 2/(-4). Let a be t(g). Suppose 19*w = 17*w + 26. Calculate the highest common factor of w and a.
13
Suppose -138*k + 64*k = -3*k - 258511. Calculate the highest common factor of 44 and k.
11
Let b(n) = 445*n + 2 + 97*n**2 - 896*n + 445*n. Let y be b(2). What is the highest common factor of y and 108?
54
Suppose -4*k - 3*d = d, 6 = k + 4*d. Let x be ((-54)/9)/(k*1). Suppose 2*l = 9 + x. What is the greatest common divisor of l and 24?
6
Let v be (-286083)/478*6*(-80)/18. Calculate the highest common divisor of 7 and v.
7
Let h = -147 - -587. Suppose -p + h = 4*p. Let l be (1750/(-98) - -17)/(27/(-252)). What is the highest common divisor of p and l?
8
Let s(o) be the third derivative of -o**6/20 - o**5/20 - o**4/12 - o**3/6 - 13*o**2 + 7*o. Let a be s(-2). Calculate the highest common divisor of 546 and a.
39
Suppose -3*v + 5*s = -19, 3*v - 14 = v + 4*s. Let q = -21 - -27. Suppose 0 = q*c - 3*c - 9. Calculate the highest common divisor of c and v.
3
Let l(x) = x**3 + 40*x**2 - 40*x + 64. Let a be l(-41). Suppose 0 = 4*s + 16, s + 904 = 5*f - 135. Calculate the greatest common divisor of a and f.
23
Let u = 432 + -393. Suppose u*k - 41*k = -6. Suppose 2*c = -2*c + 96. Calculate the greatest common factor of k and c.
3
Suppose 2*b - 11 = -c + 20, b - 4*c + 7 = 0. What is the greatest common divisor of 9 and b?
1
Let s = 6368 + -5960. What is the greatest common divisor of s and 1464?
24
Let i = 85 + -67. Suppose -i*g - 322 = -41*g. Calculate the greatest common divisor of 126 and g.
14
Let a be 13 + (-5 - -4)*-78. What is the highest common divisor of 1040 and a?
13
Suppose 2*g = w - 8 + 7, 5*w + 11 = 2*g. Suppose -6*i + 2*i - 4 = 5*t, -12 = -3*i. Let v be (t + 18)*6 + w. Calculate the highest common factor of 27 and v.
27
Suppose 0 = -4*m - 2*s - 390, -4*m + m + 4*s = 265. Let z = m + 116. Calculate the greatest common divisor of z and 84.
21
Let g be (271 + 4/2)/(-146 + 147). Calculate the greatest common divisor of 3185 and g.
91
Suppose -48*r + 52*r = 64. Let v be (-6 - (-152)/r)*(-24)/(-14). What is the highest common factor of v and 54?
6
Let a(r) = -373*r + 57. Let o be a(-6). What is the greatest common divisor of 85 and o?
85
Let f be 2/(-10)*0*(-1)/3. Let n(s) = 17*s + 44. Let k be n(f). What is the greatest common factor of 8 and k?
4
Let h be (-14)/(-4)*(-2)/(-28)*8. Suppose h*m = m. Suppose s - 2*v - 20 = 0, m*v + v = -s + 32. What is the highest common factor of s and 4?
4
Let h be (182/(-78))/((-2)/216). Let f = -244 + h. Calculate the greatest common divisor of f and 2.
2
Let v be (-5 + 1)/(32/(-800)*10). Suppose -l - 20 = -2*t - 5*l, 3*t + 25 = 5*l. Suppose -50 = -t*d - 2*d. Calculate the greatest common factor of v and d.
5
Suppose n = -3*b + 142 + 53, b - 39 = 4*n. What is the greatest common factor of 40509 and b?
63
Suppose p - 5*p + 4 = 0. Let f be ((-3)/2 + (-49)/(-14))*p. Suppose 0 = -2*n - 4*w + 40, 4 = 2*w - 2. What is the greatest common factor of n and f?
2
Let d = 35 + 28. Let w be -6*(4/12 + (-1 - -2)). Let g be ((-9)/2)/(4/w). What is the greatest common divisor of g and d?
9
Suppose 0 = 3*n - 4*c + 10, 9 = 5*n - 3*c + 33. Let k(s) = -3*s - 2. Let i be k(n). What is the highest common divisor of i and 60?
4
Let n = 12 - -29. Let v = n - 38. Suppose -3*i = -4*t - 0*i + 26, v*t - 3*i = 21. Calculate the highest common divisor of t and 35.
5
Suppose -10*u + 12*u = -2*t + 2694, -9447 = -7*u - t. Calculate the highest common factor of 10 and u.
10
Suppose f - 19 = 33. Suppose -f = -k + 5*c, 0 = k - 0*c + 4*c - 34. Let t(l) = 16*l - 1. Let o be t(4). Calculate the greatest common divisor of o and k.
21
Let n(t) = -3*t - 26. Let y = 53 - 62. Let o be n(y). Let u be (1 + o)/((-9)/(-72)). Calculate the greatest common divisor of u and 16.
16
Suppose 4*i - 11 - 6 = 5*l, 1 = -l. Suppose -4*v + 5*a = -51 + i, 0 = -3*v - 2*a + 36. Calculate the highest common factor of 16 and v.
4
Suppose -i = 5*i + 312. Let o = 57 + i. Suppose o*u + b = 32, -3*u + b - 3*b = -15. What is the greatest common factor of 56 and u?
7
Let m be (14/21)/(2/9). Suppose v - 226 = -2*l, -514 + 157 = -3*l + m*v. What is the greatest common divisor of l and 20?
5
Suppose -66*r - 6051 = -67*r - 4*y, -3*r = -4*y - 18073. What is the highest common factor of r and 163?
163
Let v(s) = -40*s - 100. Let i be v(-3). Calculate the greatest common factor of i and 1640.
20
Suppose 2*d + 4 = 4*d. Suppose 21 = 3*n - 0*n - 4*s, -2*s = d*n. Suppose -n*h = -h - 140. What is the highest common factor of 10 and h?
10
Suppose -d - 4*h = -10, 24*d - 21*d + 3*h = 30. Calculate the greatest common divisor of d and 395.
5
Let t = -70674 + 71474. Let v be (3/(-2))/((-12)/128). What is the greatest common factor of v and t?
16
Suppose -49*z + 147 = -931. What is the greatest common divisor of z and 5863?
11
Let a = 14955 + -14941. Calculate the highest common divisor of a and 358.
2
Let g = 1323 - -878. What is the highest common factor of 781 and g?
71
Let b = -64 - -68. Suppose 5*q = -6*s + b*s - 926, -2*s = 3*q + 558. Let i be q/(-14) - -1 - (-1)/(-7). Calculate the highest common divisor of i and 98.
14
Let y = 1342 - 694. Suppose 0 = 442*d - 441*d - 2, m - 12 = 3*d. Calculate the highest common divisor of y and m.
18
Let a be (-5)/20*-5620*12. What is the highest common divisor of a and 30?
30
Suppose 3*p - 94 = -94. Suppose p = 108*z - 107*z - 12. What is the highest common factor of 42 and z?
6
Let k = -20486 + 20531. Suppose 3*d - 3*a = -0*d + 4170, -3*a = -d + 1380. What is the greatest common factor of d and k?
45
Let r = -197 + 247. Suppose -10*n + 8*n + r = 0. What is the highest common factor of n and 5?
5
Suppose -5*z - 18 = 2*c, 67*c = 62*c - 3*z + 12. What is the highest common factor of 178 and c?
2
Suppose -1222 = 8*i + 9530. Let g be ((-21)/(i/80))/((-2)/(-152)). Let w be (3/(-9))/((-2)/114). Calculate the highest common divisor of w and g.
19
Let h be 484/(-66)*1*(-18)/4. What is the highest common factor of h and 737?
11
Let y = 12563 + -12530. Suppose -2*o + 4*o = 2*c + 24, 2*c = 6. What is the highest common factor of y and o?
3
Let t(c) = 192*c**3 - 3*c**2 + 2*c + 1. Let g be t(1). What is the greatest common factor of g and 208?
16
Let v = 17570 + -17459. Let d(c) = 3*c**2 - 3*c**2 - 3 + 5*c - 2 + 2*c**2. Let i be d(-6). Calculate the greatest common factor of i and v.
37
Let h be (1 + 0)*742/53. Let m(j) = 2*j**2 - 15*j - 54. Let x be m(h). What is the highest common factor of x and 8?
8
Let c = 153 + -130. Suppose -6*i + 65 = c. Calculate the greatest common factor of 126 and i.
7
Let r(v) = -v**2 + 41*v - 154. Let x be r(39). Let p = -42 - x. Let c be (-2)/(2*1/(-17)). Calculate the highest common divisor of c and p.
17
Let n be (-6 - (-78)/4)/(1/(-32)). Let r = n + 493. What is the greatest common factor of 305 and r?
61
Let s = 374 - -46. Suppose -2*j + z + 121 = 0, 2*j - 2*z - 31 = 91. Calculate the greatest common factor of s and j.
60
Suppose -200 = 50*r - 90*r. Suppose 21 = -4*u + r*n + 120, 4*u + 2*n - 106 = 0. What is the highest common factor of 390 and u?
26
Let x = -25608 + 25843. Let v be (-1)/(-3 + (-42)/(-15)). Calculate the greatest common factor of x and v.
5
Let f be (1/2)/1 - 1529/(-22). Let z = 190 - f. Let y be 32*(-1)/((-2)/3). Calculate the highest common factor of z and y.
24
Let w(d) = d**3 - 57*d**2 + 280*d + 125. Let c be w(54). Calculate the highest common factor of c and 73.
73
Let x = -12 - -34. Let k(b) = 3*b + 110. Let r be k(x). What is the greatest common d